s digit of a?
8
Let x be 4/6 + 156/36. Suppose x*c = c + 84. What is the units digit of c?
1
Suppose 4*y = a + 450, -y - y - 3*a = -232. What is the tens digit of y?
1
Suppose -2*c = -5*v - 59, 0 = 4*c - 2*v - v - 139. Suppose -i + c = -10. What is the units digit of i?
7
What is the tens digit of 7 + 164 + (3 - 2 - 1)?
7
Let g(h) = -h**2 + 12*h - 8. Let m(q) = q + 2. Let s be m(8). What is the tens digit of g(s)?
1
Let o = 13 - 7. What is the units digit of -1*(o/(-3) - -1)?
1
Suppose 0 = -2*s + 4*s. Suppose s = v - 2*v + 11. Suppose 0 = -10*r + v*r - 19. What is the units digit of r?
9
Let g(c) = 2*c**3 - 2*c**2 + 3*c + 3. What is the units digit of g(3)?
8
Suppose 0 = -3*b - 0*b + 24. Suppose b*m - 3*m - 10 = 0. Let y = 10 - m. What is the units digit of y?
8
Suppose -5*p + 2*x = -0*x - 42, -3*x + 42 = 3*p. What is the tens digit of p?
1
Let c = -34 - -19. What is the units digit of (35/(-25))/(3/c)?
7
Suppose 4*t = -2*o + 2, -5*t + o + 13 = -0*t. Let k be (6/4)/(1/t). Suppose -35 = -5*c + 5*q, -k*c + 9 = q + 2*q. What is the units digit of c?
5
Suppose -4*b - b = -210. Suppose -3*f - 5*r = -3*r - 28, -4*f = -2*r - b. What is the tens digit of f?
1
What is the units digit of 3/21 - 2490/(-14)?
8
Let w(t) = -t**2 + 14*t - 16. What is the tens digit of w(10)?
2
Let i be (-4)/(-2) + 1 + 0. Suppose 2 = 3*c - l - i, 3*c = -l - 5. What is the units digit of 5 + -4 - c/(-1)?
1
Suppose 406 = 4*c + 2*p, -3*c + 74 + 217 = -3*p. What is the units digit of c?
0
Suppose 0*k = -3*k + 474. What is the hundreds digit of k?
1
Let g = 4 - -28. What is the tens digit of g?
3
Let f(o) = o**2 + 4*o - 5*o - 6 - 2*o - o. What is the units digit of f(7)?
5
Let x(n) = n**3 + n - 1. Let f be x(-2). What is the units digit of f/(-3) - 4/6?
3
Let h = 143 + -57. What is the units digit of h?
6
Let k be (-1 - -2)*(-1 - -1). Suppose k*b + 4*b = 160. What is the units digit of b?
0
Let a be 1/((-2)/((-20)/2)). Suppose -2*u + 3*u = a. Suppose 5*w - 13 = -4*b, 0*b - 5 = u*w - 5*b. What is the units digit of w?
1
Let u(l) = 8*l**2 + 6*l - 5. What is the tens digit of u(3)?
8
Let m be 1*1/((-1)/(-3)). Suppose 8 = 5*z - 7. Suppose 3*r - r - b = 9, -2*r + z*b = -m. What is the units digit of r?
6
Let s = -44 + 23. Let g = -10 - s. What is the units digit of g?
1
Let t(u) = u**3 - 6*u**2 - 8*u + 9. Let h be t(7). Suppose r = h*q + 5, -2*q = 3*r - 45 - 10. What is the tens digit of r?
1
Let i(j) = 2*j**2 - 3*j + 0 - j**2 + 6*j + 1. Suppose 3*o = 3*t - 3, 0 = -3*t - 2*o + 3*o - 5. What is the units digit of i(t)?
1
Suppose 503 = 4*l + 2*t + 3*t, l - 113 = 3*t. What is the tens digit of l?
2
Let n = 6 - 8. Let v(x) = -2*x**3 + 2*x**2 + x - 1. What is the units digit of v(n)?
1
Let p = -6 + 5. Let c(u) = -6*u - 1. Let h be c(p). Let g(y) = y + 1. What is the units digit of g(h)?
6
Let m(z) = -z**2 + 10*z - 8. Let p be m(9). Suppose 0 = c - 3 + p. Suppose 0 - 4 = -c*g + 2*v, g + 4*v - 2 = 0. What is the units digit of g?
2
Let w(k) = -33*k - 3. Let f be w(-6). Let c = f + -81. Suppose 5*n - c = 4*a, 2*a + 25 = n - a. What is the tens digit of n?
2
Suppose 17 + 11 = 4*m. What is the units digit of m?
7
Suppose -p + 319 = 3*a, 0 = 3*p - 0*p + 2*a - 971. What is the units digit of p?
5
Let m(x) = -2*x**3 + x**2 + 3. Let v be m(-3). What is the units digit of (-2)/8 + v/8?
8
Let h = 3 + -1. Let l(a) = 11*a**3 + 23*a**2 + 20. Let p(v) = 4*v**3 + 8*v**2 + 7. Let k(j) = -6*l(j) + 17*p(j). What is the units digit of k(h)?
7
Let r be (-3 - -1) + (1 - -52). Suppose 8*j - 3*j - r = 4*x, 0 = -3*x + 3*j - 42. Let m = x - -32. What is the tens digit of m?
1
Let j = -7 + 12. Suppose -g - 12 = -j*g. Suppose -3*i = -2*a - g, -4*a = -2*a - 6. What is the units digit of i?
3
Suppose 14*c = 5*c + 954. What is the hundreds digit of c?
1
Suppose -2*c - c = -15. Suppose h + 36 = c*h. What is the units digit of h?
9
Let i be (-52)/(1/(-3)*-3). Let n = i - -85. What is the units digit of 1/(-2) + n/6?
5
What is the hundreds digit of 6 + 200/(-30) + 830/3?
2
Let h(r) = 2*r**2 - 4*r + 21. What is the units digit of h(-8)?
1
Suppose 0 = 4*t - 1 + 5. Let h be t/(-2)*-2*2. What is the units digit of 0/(6/h) - -10?
0
Let i(c) = 4*c + 5. Let j be i(7). Suppose j = o - 3*w, -4*o + 0*o + 4*w + 124 = 0. What is the units digit of o?
0
Suppose -2*j = 2, -a - 4*a - 3*j + 12 = 0. Suppose 3*k - a - 11 = -h, 4*k = -4*h + 64. What is the units digit of h?
7
Suppose 3*i + 74 = 3*m - i, 0 = -4*m + i + 116. Let s = -21 + m. What is the units digit of s?
9
Suppose -10*d = -48 - 412. What is the units digit of d?
6
Let v(z) = 16*z**2 - z - 1. Let r be 3/6*(-3 - -1). What is the units digit of v(r)?
6
Let n = 9 + -16. Let s = 6 - n. What is the tens digit of s?
1
Suppose 4*c - 5*r = -c + 40, 3*r + 4 = -2*c. Let t(d) = c*d**2 + 1 - 2*d + 3 - d**3 + 0*d**3. What is the units digit of t(3)?
7
Suppose j + 4*g - 14 = -0*g, 3*j + 4*g - 50 = 0. What is the tens digit of j?
1
Let o = 0 + -2. What is the units digit of ((-5)/(-15))/(o/(-6))?
1
Let s = -3 - -7. Suppose p - 5 = -s. What is the units digit of 1/(-2)*(-2)/p?
1
Suppose -5*g + 2*g = 51. Let d = -15 - g. What is the units digit of d?
2
Let z = 439 + -232. What is the hundreds digit of z?
2
Let z(o) = o**3 + o**2 + o + 1. Let m be z(0). Suppose -m = p - 0. What is the units digit of (-7 + p)/((-4)/4)?
8
Suppose -454 = 12*b - 1762. What is the hundreds digit of b?
1
Suppose 2*h = 10 - 50. Let w = h + 47. Suppose u + w = 4*u. What is the units digit of u?
9
Let v(x) = x**3 + x**2 + x - 5. Let m be v(0). Let y(f) = f**3 + 5*f**2 - 4*f + 7. What is the tens digit of y(m)?
2
Suppose 42 = -4*p + 282. What is the tens digit of p?
6
Suppose 2*z = 5*x - 3*z - 105, 2*x + 2*z = 26. What is the tens digit of x?
1
Let u(y) = 21*y**2 - 6*y + 5. What is the tens digit of u(2)?
7
Suppose 22 = -4*o - 3*w, 4*w = -5*o + 3*w - 33. Let j = -5 - o. What is the units digit of 1/(-1) + (7 - j)?
4
Let c(q) = q**2 + 6*q + 3. What is the tens digit of c(6)?
7
Suppose 0 = 4*s + 5*g - 20, -2*g + 5 - 25 = -4*s. Suppose -y + s*y = 56. What is the tens digit of y?
1
Let z = -8 + -1. Let c = z + 17. What is the units digit of c?
8
Let d(s) = -s**3 + 6*s**2 + 9*s + 8. What is the units digit of d(7)?
2
Let v(t) = -t**3 + 12*t**2 + 13*t - 11. Let k be v(13). Let j = -7 - k. Suppose -2*u + 40 = j*b, -b = b + 3*u - 16. What is the units digit of b?
1
Let q be (-6 + 0)/((-12)/8). Suppose -3*z + q*x = -87, 91 = 4*z - 3*x + 6*x. What is the tens digit of z?
2
Suppose 0 = -2*a + 5*k - 2*k + 48, k - 50 = -3*a. What is the tens digit of a?
1
What is the units digit of 165*(20/(-25) + 2)?
8
Suppose 0 = -7*z + 668 + 361. What is the units digit of z?
7
Suppose 8*j + 3*j - 143 = 0. What is the units digit of j?
3
Let w = 5 - 0. Suppose 10*x = w*x + 95. What is the units digit of x?
9
Let y be (3/(-6) - -1)*-2. Let k be ((8 - 2) + y)*1. Suppose -k*w + 21 = -19. What is the units digit of w?
8
Let t(l) = l**2 - 2*l - 5. Let v be t(3). What is the units digit of ((-24)/v)/((-20)/(-70))?
2
Let t(w) = -w**2 + 11*w - 13. Let d be t(11). Let q = d - -26. What is the units digit of q?
3
Suppose 2*u - 134 = -2*z, -3*z + 322 = 4*u + 52. What is the tens digit of u?
6
Let u(w) = w + 1. Let a be u(0). Suppose -4*h = a + 23. Let r = h + 9. What is the units digit of r?
3
Let n(f) = f**2 + 7*f - 1. Let c be n(-7). Let x be ((3 - 0) + 1)/c. What is the units digit of (x/6)/((-6)/9)?
1
Suppose -4*t = -748 + 168. What is the units digit of t?
5
Suppose 0 = -3*f + 30 + 30. Suppose -3*q + f = 2*q. Suppose -q*b + 17 + 23 = 0. What is the units digit of b?
0
What is the units digit of ((-1)/(-2))/((-8)/(-624))?
9
Let a be 1/(-3) + 242/6. Suppose 3*i - a = -i. What is the tens digit of i?
1
Suppose 5*n = 3*n. Suppose n = g - 1 - 11. What is the units digit of g?
2
Let m(f) = -f**2 + 4*f - 1. Let x(u) = u**3 + 6*u**2 + 4*u - 3. Let j be x(-5). Let h be m(j). What is the units digit of h*(2 + 1/1)?
9
Suppose 0 = 2*h - 5*r - 8 - 3, -5 = -5*r. What is the units digit of h?
8
Suppose 1 + 1 = i. What is the units digit of 12 - (-1 + (i - 1))?
2
Let h(d) = d - 2. Let a be h(5). Suppose n - 36 = -a*n. What is the units digit of n?
9
Let z = 37 + -81. What is the units digit of z/(-5) - (-1)/5?
9
Let k(a) = 2*a - 15. Let g be k(10). Let i = 1 + 2. Le